{"id":13,"date":"2024-04-08T22:56:54","date_gmt":"2024-04-08T20:56:54","guid":{"rendered":"https:\/\/grooveboxpresta.fr\/?page_id=13"},"modified":"2024-04-11T03:54:21","modified_gmt":"2024-04-11T01:54:21","slug":"services","status":"publish","type":"page","link":"https:\/\/grooveboxpresta.fr\/?page_id=13","title":{"rendered":"Services"},"content":{"rendered":"\n<div class=\"wp-block-cover alignfull is-light\" style=\"margin-top:0;margin-bottom:0;padding-top:0px;padding-bottom:80px;min-height:300px;aspect-ratio:unset;\"><span aria-hidden=\"true\" class=\"wp-block-cover__background has-background-dim-0 has-background-dim\" style=\"background-color:#e9ceb0\"><\/span><img decoding=\"async\" class=\"wp-block-cover__image-background wp-image-4206\" alt=\"\" src=\"https:\/\/tyler.com\/wp-content\/uploads\/2023\/12\/surf-banner1.jpg\" style=\"object-position:100% 50%\" data-object-fit=\"cover\" data-object-position=\"100% 50%\"\/><div class=\"wp-block-cover__inner-container has-global-padding is-layout-constrained wp-container-core-cover-is-layout-1 wp-block-cover-is-layout-constrained\">\n<div style=\"height:150px\" aria-hidden=\"true\" class=\"wp-block-spacer\"><\/div>\n\n\n\n<h1 class=\"wp-block-heading has-text-align-center has-text-color has-link-color has-suranna-font-family wp-elements-ffa1dea5e3ff0eb43cf7600a8fd4b8ad\" style=\"color:#ffffff;font-size:clamp(38.682px, 2.418rem + ((1vw - 3.2px) * 3.786), 72px);font-style:normal;font-weight:500\">Mat\u00e9riel professionnel<\/h1>\n<\/div><\/div>\n\n\n\n<div class=\"wp-block-group alignfull has-global-padding is-layout-constrained wp-container-core-group-is-layout-2 wp-block-group-is-layout-constrained\">\n<div class=\"wp-block-group alignwide has-global-padding is-layout-constrained wp-container-core-group-is-layout-1 wp-block-group-is-layout-constrained\" style=\"margin-top:0;margin-bottom:0;padding-top:100px;padding-bottom:100px\">\n<div class=\"wp-block-columns is-layout-flex wp-container-core-columns-is-layout-1 wp-block-columns-is-layout-flex\">\n<div class=\"wp-block-column is-vertically-aligned-center has-global-padding is-layout-constrained wp-block-column-is-layout-constrained\">\n<figure class=\"wp-block-image alignleft size-full is-resized has-custom-border\"><img loading=\"lazy\" decoding=\"async\" width=\"1024\" height=\"1024\" src=\"https:\/\/grooveboxpresta-fr.preview-domain.com\/wp-content\/uploads\/2024\/04\/db-audiotechnik-c4-soundsale-3.jpg\" alt=\"\" class=\"wp-image-33\" style=\"border-style:none;border-width:0px;border-radius:60px;aspect-ratio:4\/3;object-fit:cover;width:653px;height:auto\" srcset=\"https:\/\/grooveboxpresta.fr\/wp-content\/uploads\/2024\/04\/db-audiotechnik-c4-soundsale-3.jpg 1024w, https:\/\/grooveboxpresta.fr\/wp-content\/uploads\/2024\/04\/db-audiotechnik-c4-soundsale-3-300x300.jpg 300w, https:\/\/grooveboxpresta.fr\/wp-content\/uploads\/2024\/04\/db-audiotechnik-c4-soundsale-3-150x150.jpg 150w, https:\/\/grooveboxpresta.fr\/wp-content\/uploads\/2024\/04\/db-audiotechnik-c4-soundsale-3-768x768.jpg 768w\" sizes=\"(max-width: 1024px) 100vw, 1024px\" \/><\/figure>\n<\/div>\n\n\n\n<div class=\"wp-block-column is-vertically-aligned-center has-global-padding is-content-justification-left is-layout-constrained wp-container-core-column-is-layout-2 wp-block-column-is-layout-constrained\">\n<h3 class=\"wp-block-heading has-text-align-left has-text-color has-suranna-font-family\" style=\"color:#000000;margin-top:0.5rem;margin-bottom:0rem;font-size:clamp(24.034px, 1.502rem + ((1vw - 3.2px) * 1.814), 40px);font-style:normal;font-weight:500;letter-spacing:0px;line-height:1.3\">Equipement audio<\/h3>\n\n\n\n<hr class=\"wp-block-separator has-alpha-channel-opacity is-style-wide\"\/>\n\n\n\n<p class=\"has-text-color has-link-color wp-elements-c6b2819e69f1ab70de5a2758cc890e6f\" style=\"color:#000000\">Am\u00e9liorez votre exp\u00e9rience sonore !<\/p>\n\n\n\n<p class=\"has-text-color has-link-color wp-elements-e510825a18c9a36fec838f5224cb2728\" style=\"color:#000000\">Notre \u00e9quipement audio haut de gamme garantit un son cristallin pour votre \u00e9v\u00e9nement.<\/p>\n\n\n\n<p class=\"has-text-color has-link-color wp-elements-c7e89e6cd4c17e7eae904dd171e56c3d\" style=\"color:#000000\">Nos haut-parleurs et syst\u00e8mes de sonorisation de pointe sont m\u00e9ticuleusement s\u00e9lectionn\u00e9s pour offrir un son puissant et immersif, garantissant une exp\u00e9rience auditive inoubliable \u00e0 votre public.<\/p>\n\n\n\n<p class=\"has-text-color has-link-color wp-elements-eb4b9ea6aa86e1bf5cf1b245218bd5cd\" style=\"color:#010101\">Gr\u00e2ce \u00e0 notre mat\u00e9riel audio professionnel, chaque note, chaque mot et chaque effet sonore sera restitu\u00e9 avec pr\u00e9cision et clart\u00e9, laissant une impression durable \u00e0 vos invit\u00e9s.<\/p>\n\n\n\n<p class=\"has-text-color has-link-color wp-elements-e5308f8b96c5c24b7341fddd81c91821\" style=\"color:#000000\">Nous proposons une gamme de solutions audio adapt\u00e9es aux besoins sp\u00e9cifiques de votre \u00e9v\u00e9nement, qu\u02bcil s\u02bcagisse d\u02bcun concert \u00e9nergique, d\u02bcun mariage intime ou d\u02bcune conf\u00e9rence.<\/p>\n\n\n\n<p class=\"has-text-color has-link-color wp-elements-14180875614ae5b103d0c4433a2ef010\" style=\"color:#000000\">Laissez-nous \u00e9lever votre son \u00e0 un niveau sup\u00e9rieur !<\/p>\n\n\n\n<div class=\"wp-block-buttons is-horizontal is-content-justification-left is-layout-flex wp-container-core-buttons-is-layout-1 wp-block-buttons-is-layout-flex\" style=\"margin-top:20px\">\n<div class=\"wp-block-button has-custom-width wp-block-button__width-50 has-custom-font-size is-style-fill has-pontano-sans-font-family\" style=\"font-size:clamp(0.875rem, 0.875rem + ((1vw - 0.2rem) * 0.245), 1.01rem);font-style:normal;font-weight:600;letter-spacing:1px;line-height:1.5;text-transform:uppercase\"><a class=\"wp-block-button__link has-text-color has-background wp-element-button\" href=\"https:\/\/grooveboxpresta-fr.preview-domain.com\/?page_id=491\" style=\"border-style:none;border-width:0px;border-radius:0rem;color:#fffffd;background-color:#e27013;padding-top:0.71rem;padding-right:0.31rem;padding-bottom:0.71rem;padding-left:0.31rem\">la passion du son<\/a><\/div>\n<\/div>\n<\/div>\n<\/div>\n<\/div>\n<\/div>\n\n\n\n<div class=\"wp-block-group alignfull has-global-padding is-layout-constrained wp-container-core-group-is-layout-4 wp-block-group-is-layout-constrained\">\n<div class=\"wp-block-group alignwide has-global-padding is-layout-constrained wp-container-core-group-is-layout-3 wp-block-group-is-layout-constrained\" style=\"margin-top:0;margin-bottom:0;padding-bottom:100px\">\n<div class=\"wp-block-columns is-layout-flex wp-container-core-columns-is-layout-2 wp-block-columns-is-layout-flex\">\n<div class=\"wp-block-column is-vertically-aligned-center has-global-padding is-content-justification-left is-layout-constrained wp-container-core-column-is-layout-3 wp-block-column-is-layout-constrained\">\n<h3 class=\"wp-block-heading has-text-align-left has-text-color has-suranna-font-family\" style=\"color:#000000;margin-top:0.5rem;margin-bottom:0rem;font-size:clamp(24.034px, 1.502rem + ((1vw - 3.2px) * 1.814), 40px);font-style:normal;font-weight:500;letter-spacing:0px;line-height:1.3\">Solutions d&rsquo;\u00e9clairage<\/h3>\n\n\n\n<hr class=\"wp-block-separator has-alpha-channel-opacity is-style-wide\"\/>\n\n\n\n<p class=\"has-text-color has-link-color wp-elements-c2c8db00f8bf439c9d1b698becc5953d\" style=\"color:#000000\">Illuminez votre \u00e9v\u00e9nement !<\/p>\n\n\n\n<p class=\"has-text-color has-link-color wp-elements-96b2d3d6d6ea4ef35b93955ca95653e8\" style=\"color:#000000\">Nos solutions d&rsquo;\u00e9clairage sont con\u00e7ues pour cr\u00e9er des atmosph\u00e8res captivantes et des exp\u00e9riences visuellement \u00e9blouissantes pour toute occasion.<\/p>\n\n\n\n<p class=\"has-text-color has-link-color wp-elements-80e1d3b2c40c4bfcefc648e61cf8f059\" style=\"color:#000000\">Qu&rsquo;il s&rsquo;agisse d&rsquo;un \u00e9clairage de sc\u00e8ne dynamique ou d&rsquo;un \u00e9clairage d&rsquo;ambiance \u00e9l\u00e9gant, nos \u00e9quipements de pointe mettront en valeur votre lieu, laissant une impression durable sur vos invit\u00e9s, en am\u00e9liorant le rendu g\u00e9n\u00e9ral.<\/p>\n\n\n\n<p class=\"has-text-color has-link-color wp-elements-bc7f429a4f07c18a6576b17707de79a1\" style=\"color:#010101\">Notre \u00e9quipe d&rsquo;experts en \u00e9clairage travaillera en \u00e9troite collaboration avec vous pour concevoir une instalation personnalis\u00e9e qui compl\u00e8te parfaitement le th\u00e8me de votre \u00e9v\u00e9nement afin de cr\u00e9e l&rsquo;ambiance souhait\u00e9e. Laissez-nous mettre votre vision en lumi\u00e8re.<\/p>\n\n\n\n<p class=\"has-text-color has-link-color wp-elements-00ab8c1e31522a9e74178c021c7d09db\" style=\"color:#000000\">Avec une large gamme d&rsquo;options de couleurs, d&rsquo;effets et un contr\u00f4le pr\u00e9cis, nos solutions d&rsquo;\u00e9clairage ajouteront de la profondeur et de l&rsquo;\u00e9nergie, garantissant une exp\u00e9rience visuellement \u00e9tonnante et immersive pour votre publique.<\/p>\n\n\n\n<p class=\"has-text-color has-link-color wp-elements-a7ab22aa9fb59eac1d5b72bb5b64b29e\" style=\"color:#000000\">Illuminez votre \u00e9v\u00e9nement avec une touche de brillance et de cr\u00e9ativit\u00e9. Am\u00e9liorez l&rsquo;atmosph\u00e8re en cr\u00e9ant une exp\u00e9rience visuelle inoubliable.<\/p>\n\n\n\n<div class=\"wp-block-buttons is-horizontal is-content-justification-left is-layout-flex wp-container-core-buttons-is-layout-2 wp-block-buttons-is-layout-flex\" style=\"margin-top:20px\">\n<div class=\"wp-block-button has-custom-width wp-block-button__width-50 has-custom-font-size is-style-fill has-pontano-sans-font-family\" style=\"font-size:clamp(0.875rem, 0.875rem + ((1vw - 0.2rem) * 0.245), 1.01rem);font-style:normal;font-weight:600;letter-spacing:1px;line-height:1.5;text-transform:uppercase\"><a class=\"wp-block-button__link has-text-color has-background wp-element-button\" href=\"https:\/\/grooveboxpresta-fr.preview-domain.com\/?page_id=542\" style=\"border-style:none;border-width:0px;border-radius:0rem;color:#fffffd;background-color:#e27013;padding-top:0.71rem;padding-right:0.31rem;padding-bottom:0.71rem;padding-left:0.31rem\">Mise en lumi\u00e8re<\/a><\/div>\n<\/div>\n<\/div>\n\n\n\n<div class=\"wp-block-column is-vertically-aligned-center is-layout-flow wp-block-column-is-layout-flow\">\n<figure class=\"wp-block-image alignright size-full is-resized has-custom-border\"><img loading=\"lazy\" decoding=\"async\" width=\"2048\" height=\"1152\" src=\"https:\/\/grooveboxpresta-fr.preview-domain.com\/wp-content\/uploads\/2024\/04\/385895037_10161175731988713_5292677246417640133_n-1.jpeg\" alt=\"\" class=\"wp-image-372\" style=\"border-radius:60px;aspect-ratio:1;object-fit:cover;width:598px;height:auto\" srcset=\"https:\/\/grooveboxpresta.fr\/wp-content\/uploads\/2024\/04\/385895037_10161175731988713_5292677246417640133_n-1.jpeg 2048w, https:\/\/grooveboxpresta.fr\/wp-content\/uploads\/2024\/04\/385895037_10161175731988713_5292677246417640133_n-1-300x169.jpeg 300w, https:\/\/grooveboxpresta.fr\/wp-content\/uploads\/2024\/04\/385895037_10161175731988713_5292677246417640133_n-1-1024x576.jpeg 1024w, https:\/\/grooveboxpresta.fr\/wp-content\/uploads\/2024\/04\/385895037_10161175731988713_5292677246417640133_n-1-768x432.jpeg 768w, https:\/\/grooveboxpresta.fr\/wp-content\/uploads\/2024\/04\/385895037_10161175731988713_5292677246417640133_n-1-1536x864.jpeg 1536w\" sizes=\"(max-width: 2048px) 100vw, 2048px\" \/><\/figure>\n<\/div>\n<\/div>\n<\/div>\n<\/div>\n\n\n\n<div class=\"wp-block-group alignfull has-global-padding is-layout-constrained wp-container-core-group-is-layout-6 wp-block-group-is-layout-constrained\">\n<div class=\"wp-block-group alignwide has-global-padding is-layout-constrained wp-container-core-group-is-layout-5 wp-block-group-is-layout-constrained\" style=\"margin-top:0;margin-bottom:0;padding-bottom:100px\">\n<div class=\"wp-block-columns is-layout-flex wp-container-core-columns-is-layout-3 wp-block-columns-is-layout-flex\">\n<div class=\"wp-block-column is-vertically-aligned-center is-layout-flow wp-block-column-is-layout-flow\">\n<figure class=\"wp-block-image alignleft size-full has-custom-border\"><img loading=\"lazy\" decoding=\"async\" width=\"2048\" height=\"1366\" src=\"https:\/\/grooveboxpresta-fr.preview-domain.com\/wp-content\/uploads\/2024\/04\/183207800_10222979418046410_4852276260507201511_n-1.jpg\" alt=\"\" class=\"wp-image-37\" style=\"border-radius:60px;aspect-ratio:1;object-fit:cover\" srcset=\"https:\/\/grooveboxpresta.fr\/wp-content\/uploads\/2024\/04\/183207800_10222979418046410_4852276260507201511_n-1.jpg 2048w, https:\/\/grooveboxpresta.fr\/wp-content\/uploads\/2024\/04\/183207800_10222979418046410_4852276260507201511_n-1-300x200.jpg 300w, https:\/\/grooveboxpresta.fr\/wp-content\/uploads\/2024\/04\/183207800_10222979418046410_4852276260507201511_n-1-1024x683.jpg 1024w, https:\/\/grooveboxpresta.fr\/wp-content\/uploads\/2024\/04\/183207800_10222979418046410_4852276260507201511_n-1-768x512.jpg 768w, https:\/\/grooveboxpresta.fr\/wp-content\/uploads\/2024\/04\/183207800_10222979418046410_4852276260507201511_n-1-1536x1025.jpg 1536w\" sizes=\"(max-width: 2048px) 100vw, 2048px\" \/><\/figure>\n<\/div>\n\n\n\n<div class=\"wp-block-column is-vertically-aligned-center has-global-padding is-content-justification-left is-layout-constrained wp-container-core-column-is-layout-6 wp-block-column-is-layout-constrained\">\n<h3 class=\"wp-block-heading has-text-align-left has-text-color has-suranna-font-family\" style=\"color:#000000;margin-top:0.5rem;margin-bottom:0rem;font-size:clamp(24.034px, 1.502rem + ((1vw - 3.2px) * 1.814), 40px);font-style:normal;font-weight:500;letter-spacing:0px;line-height:1.3\">Structures sc\u00e9niques<\/h3>\n\n\n\n<hr class=\"wp-block-separator has-alpha-channel-opacity is-style-wide\"\/>\n\n\n\n<p class=\"has-text-color has-link-color wp-elements-d6a6df16b7c411fca0161b2edb35d9d3\" style=\"color:#000000\">\u00c9levez votre sc\u00e8ne !<\/p>\n\n\n\n<p class=\"has-text-color has-link-color wp-elements-cb84ab5a608a70fd227a106d7d4cdd6e\" style=\"color:#000000\">Nos structures de sc\u00e8ne polyvalentes sont con\u00e7ues pour fournir une plate-forme solide et professionnelle pour tout \u00e9v\u00e9nement, qu&rsquo;il s&rsquo;agisse de concerts, de festivals, de conf\u00e9rences ou de repr\u00e9sentations th\u00e9\u00e2trales.<\/p>\n\n\n\n<p class=\"has-text-color has-link-color wp-elements-170fd3fcb57b98e520fd139ee28ff8a5\" style=\"color:#000000\">Con\u00e7ues dans un souci de pr\u00e9cision et de durabilit\u00e9, nos structures offrent une base fiable, permettant aux artistes de briller et de captiver le public en toute confiance.<\/p>\n\n\n\n<p class=\"has-text-color has-link-color wp-elements-fea8e392e5bab99f5872e42afe0f59af\" style=\"color:#000000\">Avec des configurations personnalisables et une int\u00e9gration transparente des \u00e9quipements de sonorisation et d&rsquo;\u00e9clairage, nos structures de sc\u00e8ne sont le compl\u00e9ment parfait de tout \u00e9v\u00e9nement, garantissant une performance impeccable et percutante.<\/p>\n\n\n\n<p class=\"has-text-color has-link-color wp-elements-deaea24e268314fbc16bd4825f4c8250\" style=\"color:#000000\">Notre \u00e9quipe collaborera avec vous pour cr\u00e9er une configuration r\u00e9pondant \u00e0 vos besoins sp\u00e9cifiques, qu\u02bcil s&rsquo;agisse d&rsquo;une grande sc\u00e8ne de concert ou d&rsquo;un espace intime pour un mariage.<\/p>\n\n\n\n<p class=\"has-text-color has-link-color wp-elements-8b0ec70cfe4b47695a88b22ab9fa7482\" style=\"color:#000000\">Donnez de la hauteur \u00e0 votre \u00e9v\u00e9nement gr\u00e2ce \u00e0 une sc\u00e8ne qui cr\u00e9era le d\u00e9cor parfait pour un spectacle inoubliable !<\/p>\n\n\n\n<div class=\"wp-block-buttons is-horizontal is-content-justification-left is-layout-flex wp-container-core-buttons-is-layout-3 wp-block-buttons-is-layout-flex\" style=\"margin-top:20px\">\n<div class=\"wp-block-button has-custom-width wp-block-button__width-50 has-custom-font-size is-style-fill has-pontano-sans-font-family\" style=\"font-size:clamp(0.875rem, 0.875rem + ((1vw - 0.2rem) * 0.245), 1.01rem);font-style:normal;font-weight:600;letter-spacing:1px;line-height:1.5;text-transform:uppercase\"><a class=\"wp-block-button__link has-text-color has-background wp-element-button\" href=\"#\" style=\"border-style:none;border-width:0px;border-radius:0rem;color:#fffffd;background-color:#e27013;padding-top:0.71rem;padding-right:0.31rem;padding-bottom:0.71rem;padding-left:0.31rem\">Tous en sc\u00e8ne<\/a><\/div>\n<\/div>\n<\/div>\n<\/div>\n<\/div>\n<\/div>\n\n\n\n<div class=\"wp-block-group alignfull has-global-padding is-layout-constrained wp-container-core-group-is-layout-8 wp-block-group-is-layout-constrained\">\n<div class=\"wp-block-group alignwide has-global-padding is-layout-constrained wp-container-core-group-is-layout-7 wp-block-group-is-layout-constrained\" style=\"margin-top:0;margin-bottom:0;padding-bottom:100px\">\n<div class=\"wp-block-columns is-layout-flex wp-container-core-columns-is-layout-4 wp-block-columns-is-layout-flex\">\n<div class=\"wp-block-column is-vertically-aligned-center has-global-padding is-content-justification-left is-layout-constrained wp-container-core-column-is-layout-7 wp-block-column-is-layout-constrained\">\n<h3 class=\"wp-block-heading has-text-align-left has-text-color has-suranna-font-family\" style=\"color:#000000;margin-top:0.5rem;margin-bottom:0rem;font-size:clamp(24.034px, 1.502rem + ((1vw - 3.2px) * 1.814), 40px);font-style:normal;font-weight:500;letter-spacing:0px;line-height:1.3\">Tentes \u00e9v\u00e9nementielles<\/h3>\n\n\n\n<hr class=\"wp-block-separator has-alpha-channel-opacity is-style-wide\"\/>\n\n\n\n<p class=\"has-text-color has-link-color wp-elements-53d1c19ecb73d62a3436a25faa8717b9\" style=\"color:#000000\">D\u00e9fiez les \u00e9l\u00e9ments !<\/p>\n\n\n\n<p class=\"has-text-color has-link-color wp-elements-b5debaad44454bfa7d7c7127ff6f2b5e\" style=\"color:#000000\">Am\u00e9liorez le confort et le style de votre \u00e9v\u00e9nement en plein air gr\u00e2ce \u00e0 nos tentes \u00e9v\u00e9nementielles haut de gamme.<\/p>\n\n\n\n<p class=\"has-text-color has-link-color wp-elements-af6862838090f490ec1f2d7ad75be627\" style=\"color:#000000\">Qu&rsquo;il s&rsquo;agisse de mariages \u00e9l\u00e9gants ou de festivals anim\u00e9s, nos tentes s&rsquo;adapteront parfaitement au cadre de votre \u00e9v\u00e8nement.<br>Notre gamme comprend des tentes de tailles et de conceptions diverses, garantissant la solution id\u00e9ale pour r\u00e9pondre \u00e0 vos besoins sp\u00e9cifiques.<\/p>\n\n\n\n<p class=\"has-text-color has-link-color wp-elements-de75e376283d97dde46e08148c5978b0\" style=\"color:#000000\">Nos tentes offrent une protection contre le soleil, la pluie ou le vent, tout en cr\u00e9ant une atmosph\u00e8re accueillante. Que vous ayez besoin d&rsquo;un simple auvent ou d&rsquo;une structure enti\u00e8rement ferm\u00e9e, nous sommes pr\u00e9sents pour r\u00e9pondre \u00e0 vos exigences. <\/p>\n\n\n\n<p class=\"has-text-color has-link-color wp-elements-51df98ad10d96bfa98e91baa55c9f900\" style=\"color:#000000\">Notre objectif est de fournir des solutions adapt\u00e9es et \u00e9l\u00e9gante pour vos r\u00e9ceptions. Notre \u00e9quipe collaborera avec vous pour personnaliser la disposition des tentes, afin d&rsquo;am\u00e9liorer l&rsquo;exp\u00e9rience globale de vos invit\u00e9s.<\/p>\n\n\n\n<p class=\"has-text-color has-link-color wp-elements-a067cf473f397cc512dc4fb9e3e475f9\" style=\"color:#000000\">Contactez-nous d\u00e8s aujourd&rsquo;hui pour explorer nos options de tentes \u00e9v\u00e9nementielles haut de gamme et faire le premier pas vers la cr\u00e9ation d&rsquo;un espace ext\u00e9rieur captivant et m\u00e9morable.<\/p>\n\n\n\n<div class=\"wp-block-buttons is-horizontal is-content-justification-left is-layout-flex wp-container-core-buttons-is-layout-4 wp-block-buttons-is-layout-flex\" style=\"margin-top:20px\">\n<div class=\"wp-block-button has-custom-width wp-block-button__width-50 has-custom-font-size is-style-fill has-pontano-sans-font-family\" style=\"font-size:clamp(0.875rem, 0.875rem + ((1vw - 0.2rem) * 0.245), 1.01rem);font-style:normal;font-weight:600;letter-spacing:1px;line-height:1.5;text-transform:uppercase\"><a class=\"wp-block-button__link has-text-color has-background wp-element-button\" href=\"#\" style=\"border-style:none;border-width:0px;border-radius:0rem;color:#fffffd;background-color:#e27013;padding-top:0.71rem;padding-right:0.31rem;padding-bottom:0.71rem;padding-left:0.31rem\">Et plus encore<\/a><\/div>\n<\/div>\n<\/div>\n\n\n\n<div class=\"wp-block-column is-vertically-aligned-center is-layout-flow wp-block-column-is-layout-flow\">\n<figure class=\"wp-block-image alignleft size-full has-custom-border\"><img loading=\"lazy\" decoding=\"async\" width=\"894\" height=\"533\" src=\"https:\/\/grooveboxpresta-fr.preview-domain.com\/wp-content\/uploads\/2024\/04\/287869327_10225184491611871_9143666715859941297_n-2.jpeg\" alt=\"\" class=\"wp-image-196\" style=\"border-radius:60px;aspect-ratio:4\/3;object-fit:cover\" srcset=\"https:\/\/grooveboxpresta.fr\/wp-content\/uploads\/2024\/04\/287869327_10225184491611871_9143666715859941297_n-2.jpeg 894w, https:\/\/grooveboxpresta.fr\/wp-content\/uploads\/2024\/04\/287869327_10225184491611871_9143666715859941297_n-2-300x179.jpeg 300w, https:\/\/grooveboxpresta.fr\/wp-content\/uploads\/2024\/04\/287869327_10225184491611871_9143666715859941297_n-2-768x458.jpeg 768w\" sizes=\"(max-width: 894px) 100vw, 894px\" \/><\/figure>\n<\/div>\n<\/div>\n<\/div>\n<\/div>\n\n\n\n<p><\/p>\n\n\n\n<section class=\"wp-block-cover alignfull\" style=\"margin-top:0px;padding-top:1.01rem;padding-bottom:1.01rem;min-height:430px;aspect-ratio:unset;\"><span aria-hidden=\"true\" class=\"wp-block-cover__background has-black-background-color has-background-dim-20 has-background-dim\"><\/span><img loading=\"lazy\" decoding=\"async\" width=\"2048\" height=\"1365\" class=\"wp-block-cover__image-background wp-image-46\" alt=\"\" src=\"https:\/\/grooveboxpresta-fr.preview-domain.com\/wp-content\/uploads\/2024\/04\/353742104_800063401692555_4466394857230189567_n.jpeg\" style=\"object-position:52% 37%\" data-object-fit=\"cover\" data-object-position=\"52% 37%\" srcset=\"https:\/\/grooveboxpresta.fr\/wp-content\/uploads\/2024\/04\/353742104_800063401692555_4466394857230189567_n.jpeg 2048w, https:\/\/grooveboxpresta.fr\/wp-content\/uploads\/2024\/04\/353742104_800063401692555_4466394857230189567_n-300x200.jpeg 300w, https:\/\/grooveboxpresta.fr\/wp-content\/uploads\/2024\/04\/353742104_800063401692555_4466394857230189567_n-1024x683.jpeg 1024w, https:\/\/grooveboxpresta.fr\/wp-content\/uploads\/2024\/04\/353742104_800063401692555_4466394857230189567_n-768x512.jpeg 768w, https:\/\/grooveboxpresta.fr\/wp-content\/uploads\/2024\/04\/353742104_800063401692555_4466394857230189567_n-1536x1024.jpeg 1536w\" sizes=\"(max-width: 2048px) 100vw, 2048px\" \/><div class=\"wp-block-cover__inner-container has-global-padding is-layout-constrained wp-container-core-cover-is-layout-2 wp-block-cover-is-layout-constrained\">\n<div class=\"wp-block-group has-text-color is-layout-flow wp-block-group-is-layout-flow\" style=\"color:#fffffd;margin-top:0px;padding-top:0rem;padding-right:1rem;padding-bottom:0rem;padding-left:1rem;font-size:clamp(0.875rem, 0.875rem + ((1vw - 0.2rem) * 0.464), 1.13rem);font-style:normal;font-weight:400;line-height:1.4\">\n<div class=\"wp-block-group has-global-padding is-layout-constrained wp-container-core-group-is-layout-9 wp-block-group-is-layout-constrained\">\n<p class=\"has-text-align-center has-text-color\" style=\"color:#fffffd;margin-bottom:0rem;font-size:clamp(1.507rem, 1.507rem + ((1vw - 0.2rem) * 1.824), 2.51rem);font-style:normal;font-weight:400;line-height:1.2\">Donnez vie \u00e0 vos \u00e9v\u00e9nements gr\u00e2ce \u00e0 une expertise et une passion in\u00e9gal\u00e9es<\/p>\n<\/div>\n\n\n\n<div class=\"wp-block-group is-vertical is-content-justification-stretch is-layout-flex wp-container-core-group-is-layout-11 wp-block-group-is-layout-flex\" style=\"margin-top:1.81rem;padding-right:0px;padding-left:0px\">\n<div class=\"wp-block-group has-global-padding is-content-justification-center is-layout-constrained wp-container-core-group-is-layout-10 wp-block-group-is-layout-constrained\" style=\"margin-top:0px\"><\/div>\n<\/div>\n<\/div>\n<\/div><\/section>\n","protected":false},"excerpt":{"rendered":"<p>Equipement audio Am\u00e9liorez votre exp\u00e9rience sonore ! Notre \u00e9quipement audio haut de gamme garantit un son cristallin pour votre \u00e9v\u00e9nement. Nos haut-parleurs et syst\u00e8mes de sonorisation de pointe sont m\u00e9ticuleusement s\u00e9lectionn\u00e9s pour offrir un son puissant et immersif, garantissant une exp\u00e9rience auditive inoubliable \u00e0 votre public. Gr\u00e2ce \u00e0 notre mat\u00e9riel audio professionnel, chaque note, chaque [&hellip;]<\/p>\n","protected":false},"author":1,"featured_media":0,"parent":0,"menu_order":0,"comment_status":"closed","ping_status":"closed","template":"","meta":{"footnotes":""},"_links":{"self":[{"href":"https:\/\/grooveboxpresta.fr\/index.php?rest_route=\/wp\/v2\/pages\/13"}],"collection":[{"href":"https:\/\/grooveboxpresta.fr\/index.php?rest_route=\/wp\/v2\/pages"}],"about":[{"href":"https:\/\/grooveboxpresta.fr\/index.php?rest_route=\/wp\/v2\/types\/page"}],"author":[{"embeddable":true,"href":"https:\/\/grooveboxpresta.fr\/index.php?rest_route=\/wp\/v2\/users\/1"}],"replies":[{"embeddable":true,"href":"https:\/\/grooveboxpresta.fr\/index.php?rest_route=%2Fwp%2Fv2%2Fcomments&post=13"}],"version-history":[{"count":60,"href":"https:\/\/grooveboxpresta.fr\/index.php?rest_route=\/wp\/v2\/pages\/13\/revisions"}],"predecessor-version":[{"id":621,"href":"https:\/\/grooveboxpresta.fr\/index.php?rest_route=\/wp\/v2\/pages\/13\/revisions\/621"}],"wp:attachment":[{"href":"https:\/\/grooveboxpresta.fr\/index.php?rest_route=%2Fwp%2Fv2%2Fmedia&parent=13"}],"curies":[{"name":"wp","href":"https:\/\/api.w.org\/{rel}","templated":true}]}}